nder when (78/2)/3 - t is divided by s?
5
Suppose -3 - 69 = -4*x. What is the remainder when x is divided by 5?
3
Let r = -54 + 77. Suppose 41 + 1 = 7*y. What is the remainder when r is divided by y?
5
Suppose 0*w + 6 = 3*w. Calculate the remainder when 5 + 2/(-6) + 1/3 is divided by w.
1
Let j = -14 + 21. Let p(l) = l + 17. What is the remainder when 47 is divided by p(j)?
23
What is the remainder when 52 is divided by -6*(4 - 8 - -1)?
16
Suppose 100 = r - 3*t, 0*r = -4*r - 4*t + 368. What is the remainder when r is divided by 20?
14
Let m = 79 + -48. Calculate the remainder when m is divided by 20.
11
Let z(w) = w**3 + 9*w**2 + 9*w - 6. Suppose 2*m + 16 = 2. What is the remainder when z(m) is divided by 6?
5
Suppose 0 = 4*x + x - 870. What is the remainder when x is divided by 25?
24
Suppose d = -4*o + 4*d + 16, 13 = o - 3*d. Suppose 8*g = -3 + 11. What is the remainder when g is divided by o?
0
Let m(i) = -3*i**3 - 3*i**2 + 1. Let f(j) = 8*j - 22. Calculate the remainder when f(9) is divided by m(-2).
11
Let s(c) = -c**3 - 4*c**2 + 4*c + 7. What is the remainder when 33 is divided by s(-5)?
9
Let i(p) = 3*p + 9. Let y(a) = 2*a + 6. Let s(g) = 5*i(g) - 7*y(g). Let r be s(3). Let z = r + -3. What is the remainder when 8 is divided by z?
2
Let t(j) = j**3 + 15*j**2 + j - 16. What is the remainder when t(-13) is divided by 26?
23
Let a(v) = 57*v - 2. What is the remainder when a(2) is divided by 23?
20
Let f(j) = j**2 + 1. Let o be 3/12 + (-9)/(-12). Let l = o + -3. What is the remainder when 14 is divided by f(l)?
4
Suppose 7*l - 8 = 3*l. What is the remainder when 6 is divided by l?
0
Suppose 0 = -l + 2*l - 2, -4*l - 95 = -f. Let g = f - 58. What is the remainder when g is divided by 12?
9
Let s be 296 + (-9)/3 + 2. Suppose 3*f - 118 - 171 = 2*w, -3*f = 4*w - s. Calculate the remainder when f is divided by 25.
22
Suppose -20 = -3*i + y, 0 = 5*y - 2 - 3. Suppose -5*k + 13 = 3*p, 5 - 16 = -5*k - p. Suppose -3*t = k*t - 100. Calculate the remainder when t is divided by i.
6
Let p = 6 - 5. Calculate the remainder when 1 is divided by p.
0
Let g(u) = u - 1. Let v be g(2). Let q(t) = t**2 - 4*t - 6. Let b be q(6). Calculate the remainder when 21 is divided by ((-9)/b)/(v/(-8)).
9
Suppose -i = -3*k + 208, -5*k + 2*i + 350 = -3*i. Calculate the remainder when k is divided by 18.
15
Let k(y) = 285*y - 76. Let z(j) = 19*j - 5. Let d(b) = -5*k(b) + 76*z(b). What is the remainder when d(1) is divided by (-8)/12 + 34/6?
4
Suppose 0 = 4*m + 2 + 14, v + 4*m - 14 = 0. What is the remainder when (-3)/((-513)/(-174) + -3) is divided by v?
28
Suppose 103 = b + 24. Calculate the remainder when b is divided by 18/(-27) + 3/((-9)/(-62)).
19
Let i = 11 + -8. Suppose -i*j + 12 = j. What is the remainder when 4 is divided by j?
1
Let f be (2 + 99)/1*1. Suppose 2*l = -5*a + 68, -5*a + f = 3*l + 34. What is the remainder when a is divided by 8?
6
Suppose 3*c - 66 = -3*r, 3*c - 68 = -c + r. What is the remainder when 35 is divided by c?
17
Let j = 12 + -6. Suppose 80 = j*w - w. What is the remainder when w is divided by 0 - 6/3 - -11?
7
Let q(h) = h**3 - 6*h**2 + 2*h - 9. Let a be q(6). What is the remainder when 25 is divided by 13/(0/a - -1)?
12
Suppose -s - 3*r + 20 = 0, 0*s - 5*r = 5*s - 90. Let v(q) = 5*q**3 - 2*q**2 + q - 2. Calculate the remainder when v(2) is divided by s.
15
Suppose 4 = -0*g - 2*g. Let y be (-12)/(-9)*9/g. Let h = -2 - y. What is the remainder when h is divided by 2?
0
Suppose -3*z + 3 = 5*n - 4, 4*n - 12 = -4*z. What is the remainder when -2*(n + (-21)/6) is divided by 6?
3
Suppose 22*a - 11*a - 209 = 0. Calculate the remainder when 70 is divided by a.
13
Let z(y) = 2*y**2 - 3*y + 5. Let q be z(-6). Suppose -g = 4*g - q. What is the remainder when g is divided by 7?
5
Suppose -4*n = -135 - 29. Let x = 19 + -8. What is the remainder when n is divided by x?
8
Suppose 0 = 8*q - 36 - 60. What is the remainder when 69 is divided by q?
9
Suppose 3*z = -k + 30, 2*z + 2*k = z + 10. Let i(b) = b**2 - b - 4. What is the remainder when i(-3) is divided by (2/4 - 0)*z?
3
Let v(d) = 23*d**3 - d. Let x(m) = m**2 + 7*m + 7. Let y be x(-6). Suppose -6*q = -3*q - 192. What is the remainder when q is divided by v(y)?
20
Let v be 2 - 1/((-2)/(-100)). Suppose 0 = -4*s - r - 2*r + 62, 2*r = -4. Calculate the remainder when 0 - v - (0 + -2) is divided by s.
16
Let q(j) = 5 + 10*j + 5*j - 22*j**2 + 9*j**2 + j**3. Let a(p) = -13*p + 1. What is the remainder when q(12) is divided by a(-1)?
13
Let d(g) = -g - 9. Let o be d(-11). Suppose -o + 3 = i. What is the remainder when 3 is divided by i?
0
What is the remainder when 74 is divided by ((-24)/20)/(6/(-80))?
10
Suppose k - 12 - 7 = 0. Let w = 119 + -63. What is the remainder when w is divided by k?
18
Let y = 82 - 23. What is the remainder when y is divided by 15?
14
Let w = -10 - 44. Let i = 83 + w. What is the remainder when i is divided by 8?
5
Let i(r) = -r. Let n be i(-5). Suppose g + 80 = n*g. Calculate the remainder when g is divided by 7.
6
Let i(p) = p**2 + 22*p - 11. What is the remainder when 144 is divided by i(-24)?
33
Let j(x) = 2*x**2 - 5*x - 1. Calculate the remainder when j(5) is divided by 10.
4
Suppose -5*r = -3*r. Calculate the remainder when 23 is divided by 10 + 1*(3 + r).
10
Let c(g) = -3*g**3 - 3*g**2 - 2*g - 3. Let f be 3/(-3*(-2)/10). Let k = f - 7. What is the remainder when 37 is divided by c(k)?
11
Let u = -111 + 66. Let x = 63 + u. Let q = -72 - -124. Calculate the remainder when q is divided by x.
16
What is the remainder when ((-5)/(-15))/((-3)/(-3015)) is divided by 13?
10
Let r be (-1 + 9/15)*5. Suppose -a - 25 = 4*a. Let f = r - a. Calculate the remainder when f is divided by 2.
1
Let l = -66 + 115. Suppose -3*s - 30 = -o, -4*o + 4*s + 39 = -l. Calculate the remainder when o is divided by 7.
4
Let g be (-34)/(-85) + (-13)/(-5). Suppose 0 = -4*q - 5*p + 89, 4*q = 2*q + g*p + 17. What is the remainder when 30 is divided by q?
14
Suppose -b = 4*b - 125. Let q = -5 + b. Let k = 15 - 4. Calculate the remainder when q is divided by k.
9
Let a(d) = 2*d**2 + 3*d - 11. What is the remainder when 213 is divided by a(5)?
51
Suppose -3*i - 4 = -64. Suppose -3*f + 36 = q - 2*q, f = q + 14. What is the remainder when i is divided by f?
9
Suppose 7 = 4*z - 5. Suppose -z*o - 21 = -2*l + 25, 69 = 3*l - 5*o. What is the remainder when l is divided by 6?
5
Suppose 5*d = -h + 78, -d - 4*d + 4*h + 63 = 0. Calculate the remainder when 3 - ((-10)/45 - 464/18) is divided by d.
14
Suppose 6*z - 4*z = -y + 78, -4*z + 2*y = -156. What is the remainder when z is divided by 10?
9
Suppose -2*v = -4*k - 0*v + 18, -2*k = -5*v - 5. Suppose k*x - 76 = 29. Calculate the remainder when x is divided by 11.
10
Let b = 8 + -14. Let s = 10 + b. Suppose 3*p = -0*p - 9, -3*d = -s*p - 48. What is the remainder when 22 is divided by d?
10
Let h = -1 - 4. Let d(c) = -6*c + 5. Calculate the remainder when d(h) is divided by 19.
16
Suppose -4*b = 4*n - 9*n - 1031, -1276 = -5*b + 2*n. What is the remainder when b is divided by 32?
30
Let f = 8 - 4. Suppose f*w = -3*c + 49, 4*c = 3*w + 3*c - 53. What is the remainder when 46 is divided by w?
14
Suppose 0 = 2*m + 2*k + 10, k + 6 = 4*m + 1. Suppose m = -3*l - 0*l + 108. Suppose -l = -3*u - 0*u. Calculate the remainder when 47 is divided by u.
11
Let f(u) = 2*u**2 - 2*u - 1. Let b be f(-4). Let s = b + -16. What is the remainder when 45 is divided by s?
22
Suppose 14 = 4*i - 2*i - 5*p, 3*i + 5*p + 4 = 0. Let m(x) = -13*x + 1. Calculate the remainder when m(-3) is divided by (21/(-12))/(i/(-16)).
12
Let o(r) = -r**2 - 7*r + 3. Suppose 0 = g - 0*g + 7. Let t be o(g). Suppose 4*b = n - 3, 0*n + n = -3*b + t. Calculate the remainder when 5 is divided by n.
2
Let q(x) = x. Let r be q(-5). Let m = 391 - 349. What is the remainder when m is divided by (-2)/r - (-53)/5?
9
Let k = 168 + -100. Suppose -3*g = -7*g + k. What is the remainder when 48 is divided by g?
14
Let h(z) = -3*z + 4. Calculate the remainder when ((-22)/(-1 + (-7)/(-5)))/(-1) is divided by h(-5).
17
Suppose 2*n - 5*s = -12, -n = 2*n - 5*s + 8. Calculate the remainder when n is divided by 3.
1
Let o(v) = 0 + 2*v - 4 + 5 + 2*v**2. Calculate the remainder when o(-1) is divided by -1 + (0 - -3) + -1.
0
Let d = -47 - -81. W